{"id":216,"date":"2015-03-18T21:52:30","date_gmt":"2015-03-18T21:52:30","guid":{"rendered":"http:\/\/imkerhof-reinbek.de\/?page_id=216"},"modified":"2025-08-15T20:10:30","modified_gmt":"2025-08-15T20:10:30","slug":"raps-weissdorn","status":"publish","type":"page","link":"https:\/\/imkerhof-reinbek.de\/?page_id=216","title":{"rendered":"Raps &#038; Wei\u00dfdorn"},"content":{"rendered":"\n<p><b>Raps &amp; Wei\u00dfdorn-Honig &#8211;\u00a0<span style=\"color: #ff9900;\">Neue Ernte\u00a02025<\/span><\/b><\/p>\n\n\n\n<p><br>Unser beliebtester Honig &#8211; sehr sehr mild und aromatisch und nicht nur f\u00fcr Kinder sehr lecker. Durch unsere besondere Art, den Honig sanft cremig zu r\u00fchren, erreichen wir eine sch\u00f6ne, schmalzartige Konsistenz. Durch die in diesem Jahr intensive Rapsbl\u00fcte ist der Honig einzigartig lecker geraten. <\/p>\n\n\n\n<p>Neben Raps und dem typischen Wei\u00dfdorn findet sich in diesem Honig auch die Vielzahl der Fr\u00fchjahrsbl\u00fcten unserer G\u00e4rten. In diesem Jahr hat der Wei\u00dfdorn zudem wieder einmal ergiebiger gebl\u00fcht, auch im L\u00f6wenzahn waren unsere Bienen in dieser Zeit unterwegs. Unbedingt probieren!<\/p>\n\n\n\n<p><b>Preis je 500 Gramm-Glas: 7,50 \u20ac&nbsp;<\/b><\/p>\n\n\n\n<p><b>Preis je 250&nbsp;Gramm-Glas: 4,70&nbsp;\u20ac<\/b><\/p>\n","protected":false},"excerpt":{"rendered":"<p>Raps &amp; Wei\u00dfdorn-Honig &#8211;\u00a0Neue Ernte\u00a02025 Unser beliebtester Honig &#8211; sehr sehr mild und aromatisch und nicht nur f\u00fcr Kinder sehr lecker. Durch unsere besondere Art, den Honig sanft cremig zu r\u00fchren, erreichen wir eine sch\u00f6ne, schmalzartige Konsistenz. Durch die in diesem Jahr intensive Rapsbl\u00fcte ist der Honig einzigartig lecker geraten. Neben Raps und dem typischen &hellip; <a href=\"https:\/\/imkerhof-reinbek.de\/?page_id=216\" class=\"more-link\"><span class=\"screen-reader-text\">Raps &#038; Wei\u00dfdorn<\/span> weiterlesen <span class=\"meta-nav\">&rarr;<\/span><\/a><\/p>\n","protected":false},"author":1,"featured_media":661,"parent":21,"menu_order":2,"comment_status":"open","ping_status":"open","template":"","meta":{"footnotes":""},"_links":{"self":[{"href":"https:\/\/imkerhof-reinbek.de\/index.php?rest_route=\/wp\/v2\/pages\/216"}],"collection":[{"href":"https:\/\/imkerhof-reinbek.de\/index.php?rest_route=\/wp\/v2\/pages"}],"about":[{"href":"https:\/\/imkerhof-reinbek.de\/index.php?rest_route=\/wp\/v2\/types\/page"}],"author":[{"embeddable":true,"href":"https:\/\/imkerhof-reinbek.de\/index.php?rest_route=\/wp\/v2\/users\/1"}],"replies":[{"embeddable":true,"href":"https:\/\/imkerhof-reinbek.de\/index.php?rest_route=%2Fwp%2Fv2%2Fcomments&post=216"}],"version-history":[{"count":23,"href":"https:\/\/imkerhof-reinbek.de\/index.php?rest_route=\/wp\/v2\/pages\/216\/revisions"}],"predecessor-version":[{"id":739,"href":"https:\/\/imkerhof-reinbek.de\/index.php?rest_route=\/wp\/v2\/pages\/216\/revisions\/739"}],"up":[{"embeddable":true,"href":"https:\/\/imkerhof-reinbek.de\/index.php?rest_route=\/wp\/v2\/pages\/21"}],"wp:featuredmedia":[{"embeddable":true,"href":"https:\/\/imkerhof-reinbek.de\/index.php?rest_route=\/wp\/v2\/media\/661"}],"wp:attachment":[{"href":"https:\/\/imkerhof-reinbek.de\/index.php?rest_route=%2Fwp%2Fv2%2Fmedia&parent=216"}],"curies":[{"name":"wp","href":"https:\/\/api.w.org\/{rel}","templated":true}]}}