{"id":2,"date":"2014-12-20T12:56:11","date_gmt":"2014-12-20T12:56:11","guid":{"rendered":"http:\/\/imkerhof-reinbek.de\/\/?page_id=2"},"modified":"2021-07-19T08:35:56","modified_gmt":"2021-07-19T08:35:56","slug":"beispiel-seite","status":"publish","type":"page","link":"https:\/\/imkerhof-reinbek.de\/","title":{"rendered":"Willkommen"},"content":{"rendered":"\n<figure class=\"wp-block-image size-large\"><a href=\"http:\/\/imkerhof-reinbek.de\/wp-content\/uploads\/2021\/07\/Alle_Steine-scaled.jpeg\"><img decoding=\"async\" loading=\"lazy\" width=\"1024\" height=\"768\" src=\"http:\/\/imkerhof-reinbek.de\/wp-content\/uploads\/2021\/07\/Alle_Steine-1024x768.jpeg\" alt=\"\" class=\"wp-image-651\" srcset=\"https:\/\/imkerhof-reinbek.de\/wp-content\/uploads\/2021\/07\/Alle_Steine-1024x768.jpeg 1024w, https:\/\/imkerhof-reinbek.de\/wp-content\/uploads\/2021\/07\/Alle_Steine-300x225.jpeg 300w, https:\/\/imkerhof-reinbek.de\/wp-content\/uploads\/2021\/07\/Alle_Steine-768x576.jpeg 768w, https:\/\/imkerhof-reinbek.de\/wp-content\/uploads\/2021\/07\/Alle_Steine-1536x1152.jpeg 1536w, https:\/\/imkerhof-reinbek.de\/wp-content\/uploads\/2021\/07\/Alle_Steine-2048x1536.jpeg 2048w\" sizes=\"(max-width: 1024px) 100vw, 1024px\" \/><\/a><\/figure>\n\n\n\n<p>Auf den folgenden Seiten m\u00f6chten wir Ihnen unsere Imkerei vorstellen und von der Arbeit mit unseren Bienen berichten. Wir bem\u00fchen uns, unsere V\u00f6lker so artgerecht wie m\u00f6glich und im Einklang mit der Natur zu halten und k\u00f6nnen dadurch zudem unseren Kunden einen naturbelassenen, regionalen Honig anbieten \u2013 selbstverst\u00e4ndlich ausschlie\u00dflich als Erzeugerabf\u00fcllung.<\/p>\n\n\n\n<p class=\"paragraph_style_1\">Sie werden staunen, wie lecker unsere Heimat zwischen Lohe, Klosterbergen, Prahlsdorf und Sch\u00f6nningstedt schmeckt!<\/p>\n\n\n\n<p class=\"paragraph_style_1\">Wir sind mit unseren Bienen im Jahr 2006 als Imkerei an der Lohe gestartet. Da das Herz unserer Imkerei, die Honigwerkstatt, seit 2011 in Reinbek zu finden ist, wie auch inzwischen die Vielzahl unserer V\u00f6lker, bauen wir unsere Imkerei unter dem Namen \u201cImkerhof Reinbek\u201d weiter aus. Nat\u00fcrlich in der bekannten Qualit\u00e4t unserer Produkte, mit den selben Werten und Ideen. Sowie vielen neuen.<\/p>\n\n\n\n<!--more-->\n","protected":false},"excerpt":{"rendered":"<p>Auf den folgenden Seiten m\u00f6chten wir Ihnen unsere Imkerei vorstellen und von der Arbeit mit unseren Bienen berichten. Wir bem\u00fchen uns, unsere V\u00f6lker so artgerecht wie m\u00f6glich und im Einklang mit der Natur zu halten und k\u00f6nnen dadurch zudem unseren Kunden einen naturbelassenen, regionalen Honig anbieten \u2013 selbstverst\u00e4ndlich ausschlie\u00dflich als Erzeugerabf\u00fcllung. Sie werden staunen, wie &hellip; <a href=\"https:\/\/imkerhof-reinbek.de\/\" class=\"more-link\"><span class=\"screen-reader-text\">Willkommen<\/span> weiterlesen <span class=\"meta-nav\">&rarr;<\/span><\/a><\/p>\n","protected":false},"author":1,"featured_media":0,"parent":0,"menu_order":0,"comment_status":"open","ping_status":"open","template":"","meta":{"footnotes":""},"_links":{"self":[{"href":"https:\/\/imkerhof-reinbek.de\/index.php?rest_route=\/wp\/v2\/pages\/2"}],"collection":[{"href":"https:\/\/imkerhof-reinbek.de\/index.php?rest_route=\/wp\/v2\/pages"}],"about":[{"href":"https:\/\/imkerhof-reinbek.de\/index.php?rest_route=\/wp\/v2\/types\/page"}],"author":[{"embeddable":true,"href":"https:\/\/imkerhof-reinbek.de\/index.php?rest_route=\/wp\/v2\/users\/1"}],"replies":[{"embeddable":true,"href":"https:\/\/imkerhof-reinbek.de\/index.php?rest_route=%2Fwp%2Fv2%2Fcomments&post=2"}],"version-history":[{"count":42,"href":"https:\/\/imkerhof-reinbek.de\/index.php?rest_route=\/wp\/v2\/pages\/2\/revisions"}],"predecessor-version":[{"id":683,"href":"https:\/\/imkerhof-reinbek.de\/index.php?rest_route=\/wp\/v2\/pages\/2\/revisions\/683"}],"wp:attachment":[{"href":"https:\/\/imkerhof-reinbek.de\/index.php?rest_route=%2Fwp%2Fv2%2Fmedia&parent=2"}],"curies":[{"name":"wp","href":"https:\/\/api.w.org\/{rel}","templated":true}]}}